/(-187)) + (-797)/(-17). Suppose 55*x = l*x + 1488. What is the remainder when x is divided by 47?
45
Let c be ((-11)/33)/((-3)/450). Calculate the remainder when c/150 + (-418)/(-6) is divided by 38.
32
Suppose 11*y = 14*y - 4*y + 5. Let s(w) = -12*w + 13. What is the remainder when s(-12) is divided by y?
2
Let n = -49 + 45. Let h = -252 + 275. Calculate the remainder when h is divided by (3 - (-13)/n)/(2/(-88)).
1
Suppose 45*m + 56 = 46*m. Let o = 203 - m. Let c(s) = -2*s**3 - 4*s**2 - 2*s + 1. What is the remainder when o is divided by c(-3)?
22
Suppose 2*m = 10, -30*m + 26*m - 853 = -3*p. What is the remainder when p is divided by 28?
11
What is the remainder when 257 is divided by 28 + -3 + (14 + -12 - 6)?
5
Suppose 152*u = 276*u - 142*u + 25974. What is the remainder when u is divided by 63?
57
Let q(a) = 3*a + 73. Let g be q(-24). Calculate the remainder when 149 is divided by (306/(-72))/(g/(-12)).
47
Let f(c) = -c**2 + 9*c + 7. Let l = 137391 - 137377. Calculate the remainder when f(5) is divided by l.
13
Calculate the remainder when 2/5 - 53/(4505/(-105876)) - 1 is divided by 14.
13
Let c be (-3)/((-6)/10) + 1. What is the remainder when (-6*(-5)/25)/(c/135) is divided by 10?
7
Let a = -3368 - -3867. What is the remainder when a is divided by 176?
147
Suppose 4*y = 4, -5*y + 41 = -2*h + 44. What is the remainder when 38 is divided by h?
2
Let g(d) = 4*d**2 - 4*d**2 + 5*d**2 - 1 + 7*d - 8*d**2 - d**3. Let h be g(-6). Suppose h = -10*p + 11*p. Calculate the remainder when p is divided by 34.
31
Suppose -n - n = -2*b + 14, 10 = b - 2*n. Suppose -b*j + 8*j = 72. Suppose 267*q - 251*q = 1104. Calculate the remainder when q is divided by j.
15
Suppose -s = 15*s - 64687 - 38081. What is the remainder when s is divided by 27?
24
Let h be 0*(5 - (-44)/(-8)). Suppose 3*u - 5*n + 43 = 413, h = -u - n + 126. What is the remainder when u is divided by 32?
29
Let b = -203 + 324. Let t = -70 + b. Calculate the remainder when t is divided by 6.
3
Let h be (-1)/(0 - (-1)/(-2)). Let y(f) be the first derivative of 9*f**2/2 - 6*f + 11. Calculate the remainder when y(h) is divided by 5.
2
Calculate the remainder when 126 + -1 + (29 - 48) is divided by -2 + 39 + (-1 - -1).
32
Let d(q) = 12*q + 221. What is the remainder when d(-5) is divided by 4?
1
Let u(y) = y**2 - 13*y - 14. Let h be u(15). Suppose 25*f - h*f = 6039. What is the remainder when f is divided by 112?
111
Suppose -222*m - 432 = -224*m. Let v = m + 12. What is the remainder when v is divided by 21?
18
Suppose -y = -2, 40*r - 42*r + 78 = -4*y. Calculate the remainder when 2318 is divided by r.
39
What is the remainder when 1704/9 + (-75)/(-50) - (-3)/18 is divided by (-82)/(-5) - (-4)/(-10)?
15
Let q(r) = -20*r - 126. Let g be q(-7). What is the remainder when 18 is divided by 13/65 + g/5?
0
Let x(o) = 2*o**2 + 5*o - 1. Let f(w) = w**3 - 3*w + 2. Let s be f(4). Suppose 0 = 11*d - 2*d - s. What is the remainder when x(3) is divided by d?
2
Let f(a) = -29*a**2 + 24*a**2 - a**3 + 22 + 19*a**2 - 4*a + 7*a. Let k(v) = -10*v + 1. Calculate the remainder when f(14) is divided by k(-1).
9
Let z be (7 - (0/(-1))/6)*32. Suppose z = 10*y + 124. Calculate the remainder when 149 is divided by y.
9
Let n(j) = -2*j**2 - 20*j + 3. Suppose 9*p + 7*p = -4*p + 8060. Calculate the remainder when p is divided by n(-7).
43
Let b(n) = -3*n**2 - 14*n + 116. Calculate the remainder when (-3)/9 - (-646)/3 is divided by b(-8).
35
Let d(p) = -p**2 + 79. Suppose 0 = 3*n - 6, -4 + 0 = 2*l - 2*n. Calculate the remainder when d(l) is divided by (2 - 21/14)*(39 - -2)*2.
38
Let l(i) = -8*i**3 - 12*i**2 - 10*i - 8. Calculate the remainder when l(-4) is divided by 42.
16
Suppose 3*y = -3, 3*y - 18 = -t + 6*y. Let o = 133 + -110. Suppose 4*r + o = 359. Calculate the remainder when r is divided by t.
9
Suppose -4*s = -5*s, 0 = -5*y + 4*s + 210. Suppose -14*x - 4 = -4. What is the remainder when y is divided by 28 - x/((-30)/6)?
14
Let x be (42/15)/((-3)/45). Let v be 4/(96/78) + 1/(-4). What is the remainder when 112 is divided by -1 - v - 0 - x?
36
What is the remainder when 8480 is divided by 25 + (588/7)/(-6)?
10
Suppose 2*n - 5*h = 83, 3*h - 269 + 38 = -4*n. What is the remainder when n is divided by 31?
23
Suppose -2*v - 4*g + 68 = -522, 3*v - 912 = 3*g. Calculate the remainder when v is divided by 223.
78
Suppose 4*u - 363 = -4*b - 63, 3 = u. Let t = -69 + b. Suppose -4*q + 5*n + 13 = -31, 0 = t*q + 3*n - 6. What is the remainder when 11 is divided by q?
5
Suppose 33*o - 1843 + 721 = 0. Calculate the remainder when 813 is divided by o.
31
Let y be -1 - (-6 + 3) - -621. Let t = 634 - y. Calculate the remainder when 58 is divided by t.
3
Let q(t) = 69*t**2 - 48*t - 320. What is the remainder when q(-13) is divided by 32?
29
Let h(c) = 126*c**2 + 1. Let z(o) = 3*o**3 - 3*o + 0*o**3 - o**3 - o**3 + 5 + 5*o**2. Calculate the remainder when h(-1) is divided by z(-3).
31
Let c(t) = -t**3 - 70*t**2 - 185*t + 233. What is the remainder when c(-68) is divided by 29?
27
Let a be ((-103)/2)/((-18)/108). Let i = -143 + a. What is the remainder when i is divided by 57?
52
Let h = 269 + -175. Let s = 106 - h. Suppose s = d - 4. Calculate the remainder when 43 is divided by d.
11
Let r(l) = -13*l - 5. Let c(z) = z**2 - 28*z - 12. Let q(b) = 5*c(b) - 11*r(b). Let g = 4 - 8. Calculate the remainder when 312 is divided by q(g).
60
Let b = -1 - -7. Suppose -31 = -17*w + 3. Suppose 5*i = -14*p + 18*p - 105, -4*p + 90 = -w*i. What is the remainder when p is divided by b?
2
Let p(v) = -v**3 - 12*v + 4*v**2 - 12*v**2 + 8 + 4*v**2 - 2*v**2 - 5*v**2. Let b be -8 - (0 + -2)/(-1). Calculate the remainder when p(b) is divided by 17.
11
Let m = 2335 - 2324. What is the remainder when 2426 is divided by m?
6
Let m be (-8)/6*21/(-14). Suppose 3*i = w, -22 = -m*w + i - 6*i. Calculate the remainder when ((-280)/(-49))/((-20)/(-35)) is divided by w.
4
Let v(a) = 4*a + 2. Suppose -4*t - 286 = -2*u + 930, -5*t - 4*u - 1494 = 0. Let h = 350 + t. Calculate the remainder when h is divided by v(6).
22
Suppose -422*b - 29*b + 1323023 + 1294581 = 0. Calculate the remainder when b is divided by 135.
134
Let v be ((-1)/(-1) - 4) + (20 - -27). Suppose -x + v = -89. Calculate the remainder when x is divided by 31.
9
Let w(n) = 23*n + 2. What is the remainder when w(5) is divided by 26 + ((-112)/(-14) - 19)?
12
Let c = -5972 - -6204. Calculate the remainder when c is divided by 218.
14
Suppose 294*o - 289*o + 8*m = 1945, 0 = -4*o - 3*m + 1573. Calculate the remainder when o is divided by 45.
37
Suppose -10*j = -132 - 8. Let o be 52/j - (-10)/35. Suppose 0 = -g + o*g - 63. What is the remainder when 80 is divided by g?
17
Let b be 49*(-32)/(-4 + -4). Suppose 9*d - b + 43 = 0. What is the remainder when d is divided by 7?
3
Let n(i) = i**2 - i + 37. Suppose -2 = -y - 1. Let f be 0/5*(0/1 - y). Calculate the remainder when n(f) is divided by 19.
18
Suppose 2784 = 46*x - 38*x. Let o = 422 - x. Calculate the remainder when 147 is divided by o.
73
Suppose 13*q - 1443 = 1612. What is the remainder when q is divided by (1 - -34) + -4 + 3?
31
Suppose -15 = 3*s, 3*m + s = -0*m - 179. Let j = -54 - m. Suppose 0 = -j*y + 3*r + 27, r = 4*y + 4*r - 45. What is the remainder when 26 is divided by y?
8
Let g be (-3)/(45/10*(-2)/(-6)). Suppose 5*x + 57 = 2*p, -2*p + p + 24 = -4*x. Calculate the remainder when p is divided by 287/15 - (84/(-45) - g).
17
Suppose -5*a + 43 = 4*i - 226, -4*a + 268 = 4*i. Let y = -88 - -351. Calculate the remainder when y is divided by i.
65
Calculate the remainder when 3 + -10 + 798/112 - (-4158)/16 is divided by 31.
12
Suppose 35 = n + 3*c, 5*c - 72 = 2*n - 4*n. Suppose 4*p + 640 = 12*p. What is the remainder when p is divided by n?
39
Let h be ((-7560)/16 - 4)*-2. Suppose -957*k + h*k = -44. What is the remainder when 45 is divided by k?
1
Suppose 4*f + 294 = 40*f - 390. What is the remainder when 1342 is divided by f?
12
Let n = 355 - 139. Suppose -385 = 13*k - 2*k. What is the remainder when n is divided by (275/k)/(7/(-49))?
51
Let d = 459 + -407. What is the remainder when d is divided by ((-24)/20)/(2/(-25))?
7
Suppose -4*f + 39 = 5*m, -11*f + 24 = -6*f - 2*m. Suppose f*o - 953 = -701. Calculate the remainder when o is divided by 9.
6
Let g be